{"id":13287,"date":"2025-10-02T17:48:17","date_gmt":"2025-10-02T17:48:17","guid":{"rendered":"https:\/\/interreg-comdur.eu\/?page_id=13287"},"modified":"2025-10-03T07:39:45","modified_gmt":"2025-10-03T07:39:45","slug":"outils","status":"publish","type":"page","link":"https:\/\/interreg-comdur.eu\/fr\/bonnes-pratiques-et-outils\/outils\/","title":{"rendered":"Outils"},"content":{"rendered":"<div class=\"flex_column av_one_full  flex_column_div av-zero-column-padding first  avia-builder-el-0  el_before_av_one_full  avia-builder-el-first  \" style='border-radius:0px; '><p><div  style='padding-bottom:10px; color:#003399;' class='av-special-heading av-special-heading-h1 custom-color-heading blockquote modern-quote  avia-builder-el-1  el_before_av_textblock  avia-builder-el-first  '><h1 class='av-special-heading-tag '  itemprop=\"headline\"  >Ressources disponibles et outils pour l\u2019int\u00e9gration des ODD.<\/h1><div class='special-heading-border'><div class='special-heading-inner-border' style='border-color:#003399'><\/div><\/div><\/div><br \/>\n<section class=\"av_textblock_section \"  itemscope=\"itemscope\" itemtype=\"https:\/\/schema.org\/CreativeWork\" ><div class='avia_textblock  '   itemprop=\"text\" ><p style=\"text-align: left;\">Il existe diff\u00e9rents organismes qui ont d\u00e9velopp\u00e9 des ressources pour l\u2019int\u00e9gration des ODD dans l\u2019activit\u00e9. En voici quelques-uns :<\/p>\n<\/div><\/section><\/p><\/div><div class=\"flex_column av_one_full  flex_column_div av-zero-column-padding first  avia-builder-el-3  el_after_av_one_full  avia-builder-el-last  column-top-margin\" style='border-radius:0px; '><section class=\"av_textblock_section \"  itemscope=\"itemscope\" itemtype=\"https:\/\/schema.org\/CreativeWork\" ><div class='avia_textblock  '   itemprop=\"text\" ><p data-start=\"64\" data-end=\"502\"><strong data-start=\"64\" data-end=\"122\">Communication de la Commission [COM(2009) 215 final] :<\/strong> le r\u00f4le du commerce \u00e9quitable et des syst\u00e8mes non gouvernementaux de garantie de la durabilit\u00e9 commerciale.<br data-start=\"230\" data-end=\"233\" \/>Lien : <a class=\"decorated-link\" href=\"https:\/\/eur-lex.europa.eu\/ES\/legal-content\/summary\/fair-trade-trade-related-sustainability-assurance-schemes.html?fromSummary=07\" target=\"_new\" rel=\"noopener\" data-start=\"240\" data-end=\"500\">https:\/\/eur-lex.europa.eu\/ES\/legal-content\/summary\/fair-trade-trade-related-sustainability-assurance-schemes.html?fromSummary=07<\/a><\/p>\n<p data-start=\"504\" data-end=\"1108\">Communication de la Commission au Conseil, au Parlement europ\u00e9en et au Comit\u00e9 \u00e9conomique et social europ\u00e9en.<br data-start=\"612\" data-end=\"615\" \/>Contribution au d\u00e9veloppement durable : le r\u00f4le du commerce \u00e9quitable et des syst\u00e8mes non gouvernementaux de garantie de la durabilit\u00e9 commerciale.<br data-start=\"762\" data-end=\"765\" \/>Lien en fran\u00e7ais : <a class=\"decorated-link\" href=\"https:\/\/eur-lex.europa.eu\/legal-content\/FR\/TXT\/PDF\/?uri=CELEX:52009DC0215\" target=\"_new\" rel=\"noopener\" data-start=\"784\" data-end=\"934\">https:\/\/eur-lex.europa.eu\/legal-content\/FR\/TXT\/PDF\/?uri=CELEX:52009DC0215<\/a><br data-start=\"934\" data-end=\"937\" \/>Lien en espagnol : <a class=\"decorated-link\" href=\"https:\/\/eur-lex.europa.eu\/legal-content\/ES\/TXT\/PDF\/?uri=CELEX:52009DC0215\" target=\"_new\" rel=\"noopener\" data-start=\"956\" data-end=\"1106\">https:\/\/eur-lex.europa.eu\/legal-content\/ES\/TXT\/PDF\/?uri=CELEX:52009DC0215<\/a><\/p>\n<p data-start=\"1110\" data-end=\"1663\"><strong data-start=\"1110\" data-end=\"1160\">La Charte internationale du commerce \u00e9quitable<\/strong>, pr\u00e9sent\u00e9e en 2018 par la World Fair Trade Organization et Fairtrade International, \u00e9tablit une vision commune pour transformer le commerce vers plus de justice, d\u2019\u00e9galit\u00e9 et de durabilit\u00e9.<br data-start=\"1350\" data-end=\"1353\" \/>Elle sert de r\u00e9f\u00e9rence pour aligner les acteurs du commerce \u00e9quitable autour de valeurs partag\u00e9es et d\u2019approches strat\u00e9giques.<br data-start=\"1479\" data-end=\"1482\" \/>Lien : <a class=\"decorated-link\" href=\"https:\/\/comerciojusto.org\/wp-content\/uploads\/2018\/09\/Carta-Intern-Comercio-Justo.pdf\" target=\"_new\" rel=\"noopener\" data-start=\"1489\" data-end=\"1661\">https:\/\/comerciojusto.org\/wp-content\/uploads\/2018\/09\/Carta-Intern-Comercio-Justo.pdf<\/a><\/p>\n<p data-start=\"1665\" data-end=\"2054\"><strong data-start=\"1665\" data-end=\"1746\">Manuel pratique sur le commerce \u00e9quitable et les achats publics responsables.<\/strong><br data-start=\"1746\" data-end=\"1749\" \/>Document \u00e9labor\u00e9 par <em data-start=\"1770\" data-end=\"1813\">Autoridades Locales con el Comercio Justo<\/em>.<br data-start=\"1814\" data-end=\"1817\" \/>Lien : <a class=\"decorated-link\" href=\"https:\/\/miembros.comerciojusto.org\/wp-content\/uploads\/2020\/12\/Guia-El-Comercio-Justo-en-las-Compras-Publicas.pdf\" target=\"_new\" rel=\"noopener\" data-start=\"1824\" data-end=\"2052\">https:\/\/miembros.comerciojusto.org\/wp-content\/uploads\/2020\/12\/Guia-El-Comercio-Justo-en-las-Compras-Publicas.pdf<\/a><\/p>\n<p data-start=\"2056\" data-end=\"2370\"><strong data-start=\"2056\" data-end=\"2104\">Guide pour la localisation de l\u2019Agenda 2030.<\/strong><br data-start=\"2104\" data-end=\"2107\" \/>\u00c9labor\u00e9 par le Minist\u00e8re des Droits Sociaux et de l\u2019Agenda 2030 du Gouvernement espagnol.<br data-start=\"2196\" data-end=\"2199\" \/>Lien : <a class=\"decorated-link\" href=\"http:\/\/femp.femp.es\/files\/3580-2498-fichero\/Guia_Localizacion_Agenda2030_VF.pdf\" target=\"_new\" rel=\"noopener\" data-start=\"2206\" data-end=\"2368\">http:\/\/femp.femp.es\/files\/3580-2498-fichero\/Guia_Localizacion_Agenda2030_VF.pdf<\/a><\/p>\n<p data-start=\"2372\" data-end=\"2707\"><strong data-start=\"2372\" data-end=\"2418\">Manuel du commerce et de l\u2019\u00e9conomie verte.<\/strong><br data-start=\"2418\" data-end=\"2421\" \/>Programme des Nations Unies pour l\u2019Environnement (PNUE).<br data-start=\"2477\" data-end=\"2480\" \/>Lien : <a class=\"decorated-link\" href=\"https:\/\/wedocs.unep.org\/bitstream\/handle\/20.500.11822\/14873\/trade_GE_handbook_SP.pdf?sequence=5&amp;isAllowed=y\" target=\"_new\" rel=\"noopener\" data-start=\"2487\" data-end=\"2705\">https:\/\/wedocs.unep.org\/bitstream\/handle\/20.500.11822\/14873\/trade_GE_handbook_SP.pdf?sequence=5&amp;isAllowed=y<\/a><\/p>\n<\/div><\/section><\/div><\/p>\n","protected":false},"excerpt":{"rendered":"","protected":false},"author":15,"featured_media":0,"parent":13253,"menu_order":0,"comment_status":"closed","ping_status":"closed","template":"","meta":{"footnotes":""},"class_list":["post-13287","page","type-page","status-publish","hentry"],"yoast_head":"<!-- This site is optimized with the Yoast SEO plugin v27.4 - https:\/\/yoast.com\/product\/yoast-seo-wordpress\/ -->\n<title>Outils - Interreg | Comdur<\/title>\n<meta name=\"robots\" content=\"index, follow, max-snippet:-1, max-image-preview:large, max-video-preview:-1\" \/>\n<link rel=\"canonical\" href=\"https:\/\/interreg-comdur.eu\/fr\/bonnes-pratiques-et-outils\/outils\/\" \/>\n<meta property=\"og:locale\" content=\"fr_FR\" \/>\n<meta property=\"og:type\" content=\"article\" \/>\n<meta property=\"og:title\" content=\"Outils - Interreg | Comdur\" \/>\n<meta property=\"og:url\" content=\"https:\/\/interreg-comdur.eu\/fr\/bonnes-pratiques-et-outils\/outils\/\" \/>\n<meta property=\"og:site_name\" content=\"Interreg | Comdur\" \/>\n<meta property=\"article:modified_time\" content=\"2025-10-03T07:39:45+00:00\" \/>\n<meta name=\"twitter:card\" content=\"summary_large_image\" \/>\n<meta name=\"twitter:label1\" content=\"Dur\u00e9e de lecture estim\u00e9e\" \/>\n\t<meta name=\"twitter:data1\" content=\"2 minutes\" \/>\n<script type=\"application\/ld+json\" class=\"yoast-schema-graph\">{\"@context\":\"https:\\\/\\\/schema.org\",\"@graph\":[{\"@type\":\"WebPage\",\"@id\":\"https:\\\/\\\/interreg-comdur.eu\\\/fr\\\/bonnes-pratiques-et-outils\\\/outils\\\/\",\"url\":\"https:\\\/\\\/interreg-comdur.eu\\\/fr\\\/bonnes-pratiques-et-outils\\\/outils\\\/\",\"name\":\"Outils - Interreg | Comdur\",\"isPartOf\":{\"@id\":\"https:\\\/\\\/interreg-comdur.eu\\\/fr\\\/#website\"},\"datePublished\":\"2025-10-02T17:48:17+00:00\",\"dateModified\":\"2025-10-03T07:39:45+00:00\",\"breadcrumb\":{\"@id\":\"https:\\\/\\\/interreg-comdur.eu\\\/fr\\\/bonnes-pratiques-et-outils\\\/outils\\\/#breadcrumb\"},\"inLanguage\":\"fr-FR\",\"potentialAction\":[{\"@type\":\"ReadAction\",\"target\":[\"https:\\\/\\\/interreg-comdur.eu\\\/fr\\\/bonnes-pratiques-et-outils\\\/outils\\\/\"]}]},{\"@type\":\"BreadcrumbList\",\"@id\":\"https:\\\/\\\/interreg-comdur.eu\\\/fr\\\/bonnes-pratiques-et-outils\\\/outils\\\/#breadcrumb\",\"itemListElement\":[{\"@type\":\"ListItem\",\"position\":1,\"name\":\"Portada\",\"item\":\"https:\\\/\\\/interreg-comdur.eu\\\/fr\\\/\"},{\"@type\":\"ListItem\",\"position\":2,\"name\":\"Bonnes practiques et outils\",\"item\":\"https:\\\/\\\/interreg-comdur.eu\\\/fr\\\/bonnes-pratiques-et-outils\\\/\"},{\"@type\":\"ListItem\",\"position\":3,\"name\":\"Outils\"}]},{\"@type\":\"WebSite\",\"@id\":\"https:\\\/\\\/interreg-comdur.eu\\\/fr\\\/#website\",\"url\":\"https:\\\/\\\/interreg-comdur.eu\\\/fr\\\/\",\"name\":\"Interreg | Comdur\",\"description\":\"Interreg | Comdur\",\"potentialAction\":[{\"@type\":\"SearchAction\",\"target\":{\"@type\":\"EntryPoint\",\"urlTemplate\":\"https:\\\/\\\/interreg-comdur.eu\\\/fr\\\/?s={search_term_string}\"},\"query-input\":{\"@type\":\"PropertyValueSpecification\",\"valueRequired\":true,\"valueName\":\"search_term_string\"}}],\"inLanguage\":\"fr-FR\"}]}<\/script>\n<!-- \/ Yoast SEO plugin. -->","yoast_head_json":{"title":"Outils - Interreg | Comdur","robots":{"index":"index","follow":"follow","max-snippet":"max-snippet:-1","max-image-preview":"max-image-preview:large","max-video-preview":"max-video-preview:-1"},"canonical":"https:\/\/interreg-comdur.eu\/fr\/bonnes-pratiques-et-outils\/outils\/","og_locale":"fr_FR","og_type":"article","og_title":"Outils - Interreg | Comdur","og_url":"https:\/\/interreg-comdur.eu\/fr\/bonnes-pratiques-et-outils\/outils\/","og_site_name":"Interreg | Comdur","article_modified_time":"2025-10-03T07:39:45+00:00","twitter_card":"summary_large_image","twitter_misc":{"Dur\u00e9e de lecture estim\u00e9e":"2 minutes"},"schema":{"@context":"https:\/\/schema.org","@graph":[{"@type":"WebPage","@id":"https:\/\/interreg-comdur.eu\/fr\/bonnes-pratiques-et-outils\/outils\/","url":"https:\/\/interreg-comdur.eu\/fr\/bonnes-pratiques-et-outils\/outils\/","name":"Outils - Interreg | Comdur","isPartOf":{"@id":"https:\/\/interreg-comdur.eu\/fr\/#website"},"datePublished":"2025-10-02T17:48:17+00:00","dateModified":"2025-10-03T07:39:45+00:00","breadcrumb":{"@id":"https:\/\/interreg-comdur.eu\/fr\/bonnes-pratiques-et-outils\/outils\/#breadcrumb"},"inLanguage":"fr-FR","potentialAction":[{"@type":"ReadAction","target":["https:\/\/interreg-comdur.eu\/fr\/bonnes-pratiques-et-outils\/outils\/"]}]},{"@type":"BreadcrumbList","@id":"https:\/\/interreg-comdur.eu\/fr\/bonnes-pratiques-et-outils\/outils\/#breadcrumb","itemListElement":[{"@type":"ListItem","position":1,"name":"Portada","item":"https:\/\/interreg-comdur.eu\/fr\/"},{"@type":"ListItem","position":2,"name":"Bonnes practiques et outils","item":"https:\/\/interreg-comdur.eu\/fr\/bonnes-pratiques-et-outils\/"},{"@type":"ListItem","position":3,"name":"Outils"}]},{"@type":"WebSite","@id":"https:\/\/interreg-comdur.eu\/fr\/#website","url":"https:\/\/interreg-comdur.eu\/fr\/","name":"Interreg | Comdur","description":"Interreg | Comdur","potentialAction":[{"@type":"SearchAction","target":{"@type":"EntryPoint","urlTemplate":"https:\/\/interreg-comdur.eu\/fr\/?s={search_term_string}"},"query-input":{"@type":"PropertyValueSpecification","valueRequired":true,"valueName":"search_term_string"}}],"inLanguage":"fr-FR"}]}},"_links":{"self":[{"href":"https:\/\/interreg-comdur.eu\/fr\/wp-json\/wp\/v2\/pages\/13287","targetHints":{"allow":["GET"]}}],"collection":[{"href":"https:\/\/interreg-comdur.eu\/fr\/wp-json\/wp\/v2\/pages"}],"about":[{"href":"https:\/\/interreg-comdur.eu\/fr\/wp-json\/wp\/v2\/types\/page"}],"author":[{"embeddable":true,"href":"https:\/\/interreg-comdur.eu\/fr\/wp-json\/wp\/v2\/users\/15"}],"replies":[{"embeddable":true,"href":"https:\/\/interreg-comdur.eu\/fr\/wp-json\/wp\/v2\/comments?post=13287"}],"version-history":[{"count":1,"href":"https:\/\/interreg-comdur.eu\/fr\/wp-json\/wp\/v2\/pages\/13287\/revisions"}],"predecessor-version":[{"id":13288,"href":"https:\/\/interreg-comdur.eu\/fr\/wp-json\/wp\/v2\/pages\/13287\/revisions\/13288"}],"up":[{"embeddable":true,"href":"https:\/\/interreg-comdur.eu\/fr\/wp-json\/wp\/v2\/pages\/13253"}],"wp:attachment":[{"href":"https:\/\/interreg-comdur.eu\/fr\/wp-json\/wp\/v2\/media?parent=13287"}],"curies":[{"name":"wp","href":"https:\/\/api.w.org\/{rel}","templated":true}]}}

<div class="flex_column av_one_full  flex_column_div av-zero-column-padding first  avia-builder-el-0  el_before_av_one_full  avia-builder-el-first  " style='border-radius:0px; '><p><div  style='padding-bottom:10px; color:#003399;' class='av-special-heading av-special-heading-h1 custom-color-heading blockquote modern-quote  avia-builder-el-1  el_before_av_textblock  avia-builder-el-first  '><h1 class='av-special-heading-tag '  itemprop="headline"  >Ressources disponibles et outils pour l’intégration des ODD.</h1><div class='special-heading-border'><div class='special-heading-inner-border' style='border-color:#003399'></div></div></div><br />
<section class="av_textblock_section "  itemscope="itemscope" itemtype="https://schema.org/CreativeWork" ><div class='avia_textblock  '   itemprop="text" ><p style="text-align: left;">Il existe différents organismes qui ont développé des ressources pour l’intégration des ODD dans l’activité. En voici quelques-uns :</p>
</div></section></p></div><div class="flex_column av_one_full  flex_column_div av-zero-column-padding first  avia-builder-el-3  el_after_av_one_full  avia-builder-el-last  column-top-margin" style='border-radius:0px; '><section class="av_textblock_section "  itemscope="itemscope" itemtype="https://schema.org/CreativeWork" ><div class='avia_textblock  '   itemprop="text" ><p data-start="64" data-end="502"><strong data-start="64" data-end="122">Communication de la Commission [COM(2009) 215 final] :</strong> le rôle du commerce équitable et des systèmes non gouvernementaux de garantie de la durabilité commerciale.<br data-start="230" data-end="233" />Lien : <a class="decorated-link" href="https://eur-lex.europa.eu/ES/legal-content/summary/fair-trade-trade-related-sustainability-assurance-schemes.html?fromSummary=07" target="_new" rel="noopener" data-start="240" data-end="500">https://eur-lex.europa.eu/ES/legal-content/summary/fair-trade-trade-related-sustainability-assurance-schemes.html?fromSummary=07</a></p>
<p data-start="504" data-end="1108">Communication de la Commission au Conseil, au Parlement européen et au Comité économique et social européen.<br data-start="612" data-end="615" />Contribution au développement durable : le rôle du commerce équitable et des systèmes non gouvernementaux de garantie de la durabilité commerciale.<br data-start="762" data-end="765" />Lien en français : <a class="decorated-link" href="https://eur-lex.europa.eu/legal-content/FR/TXT/PDF/?uri=CELEX:52009DC0215" target="_new" rel="noopener" data-start="784" data-end="934">https://eur-lex.europa.eu/legal-content/FR/TXT/PDF/?uri=CELEX:52009DC0215</a><br data-start="934" data-end="937" />Lien en espagnol : <a class="decorated-link" href="https://eur-lex.europa.eu/legal-content/ES/TXT/PDF/?uri=CELEX:52009DC0215" target="_new" rel="noopener" data-start="956" data-end="1106">https://eur-lex.europa.eu/legal-content/ES/TXT/PDF/?uri=CELEX:52009DC0215</a></p>
<p data-start="1110" data-end="1663"><strong data-start="1110" data-end="1160">La Charte internationale du commerce équitable</strong>, présentée en 2018 par la World Fair Trade Organization et Fairtrade International, établit une vision commune pour transformer le commerce vers plus de justice, d’égalité et de durabilité.<br data-start="1350" data-end="1353" />Elle sert de référence pour aligner les acteurs du commerce équitable autour de valeurs partagées et d’approches stratégiques.<br data-start="1479" data-end="1482" />Lien : <a class="decorated-link" href="https://comerciojusto.org/wp-content/uploads/2018/09/Carta-Intern-Comercio-Justo.pdf" target="_new" rel="noopener" data-start="1489" data-end="1661">https://comerciojusto.org/wp-content/uploads/2018/09/Carta-Intern-Comercio-Justo.pdf</a></p>
<p data-start="1665" data-end="2054"><strong data-start="1665" data-end="1746">Manuel pratique sur le commerce équitable et les achats publics responsables.</strong><br data-start="1746" data-end="1749" />Document élaboré par <em data-start="1770" data-end="1813">Autoridades Locales con el Comercio Justo</em>.<br data-start="1814" data-end="1817" />Lien : <a class="decorated-link" href="https://miembros.comerciojusto.org/wp-content/uploads/2020/12/Guia-El-Comercio-Justo-en-las-Compras-Publicas.pdf" target="_new" rel="noopener" data-start="1824" data-end="2052">https://miembros.comerciojusto.org/wp-content/uploads/2020/12/Guia-El-Comercio-Justo-en-las-Compras-Publicas.pdf</a></p>
<p data-start="2056" data-end="2370"><strong data-start="2056" data-end="2104">Guide pour la localisation de l’Agenda 2030.</strong><br data-start="2104" data-end="2107" />Élaboré par le Ministère des Droits Sociaux et de l’Agenda 2030 du Gouvernement espagnol.<br data-start="2196" data-end="2199" />Lien : <a class="decorated-link" href="http://femp.femp.es/files/3580-2498-fichero/Guia_Localizacion_Agenda2030_VF.pdf" target="_new" rel="noopener" data-start="2206" data-end="2368">http://femp.femp.es/files/3580-2498-fichero/Guia_Localizacion_Agenda2030_VF.pdf</a></p>
<p data-start="2372" data-end="2707"><strong data-start="2372" data-end="2418">Manuel du commerce et de l’économie verte.</strong><br data-start="2418" data-end="2421" />Programme des Nations Unies pour l’Environnement (PNUE).<br data-start="2477" data-end="2480" />Lien : <a class="decorated-link" href="https://wedocs.unep.org/bitstream/handle/20.500.11822/14873/trade_GE_handbook_SP.pdf?sequence=5&amp;isAllowed=y" target="_new" rel="noopener" data-start="2487" data-end="2705">https://wedocs.unep.org/bitstream/handle/20.500.11822/14873/trade_GE_handbook_SP.pdf?sequence=5&amp;isAllowed=y</a></p>
</div></section></div></p>

<!-- This site is optimized with the Yoast SEO plugin v27.4 - https://yoast.com/product/yoast-seo-wordpress/ -->
<title>Outils - Interreg | Comdur</title>
<meta name="robots" content="index, follow, max-snippet:-1, max-image-preview:large, max-video-preview:-1" />
<link rel="canonical" href="https://interreg-comdur.eu/fr/bonnes-pratiques-et-outils/outils/" />
<meta property="og:locale" content="fr_FR" />
<meta property="og:type" content="article" />
<meta property="og:title" content="Outils - Interreg | Comdur" />
<meta property="og:url" content="https://interreg-comdur.eu/fr/bonnes-pratiques-et-outils/outils/" />
<meta property="og:site_name" content="Interreg | Comdur" />
<meta property="article:modified_time" content="2025-10-03T07:39:45+00:00" />
<meta name="twitter:card" content="summary_large_image" />
<meta name="twitter:label1" content="Durée de lecture estimée" />
	<meta name="twitter:data1" content="2 minutes" />
<script type="application/ld+json" class="yoast-schema-graph">{"@context":"https:\/\/schema.org","@graph":[{"@type":"WebPage","@id":"https:\/\/interreg-comdur.eu\/fr\/bonnes-pratiques-et-outils\/outils\/","url":"https:\/\/interreg-comdur.eu\/fr\/bonnes-pratiques-et-outils\/outils\/","name":"Outils - Interreg | Comdur","isPartOf":{"@id":"https:\/\/interreg-comdur.eu\/fr\/#website"},"datePublished":"2025-10-02T17:48:17+00:00","dateModified":"2025-10-03T07:39:45+00:00","breadcrumb":{"@id":"https:\/\/interreg-comdur.eu\/fr\/bonnes-pratiques-et-outils\/outils\/#breadcrumb"},"inLanguage":"fr-FR","potentialAction":[{"@type":"ReadAction","target":["https:\/\/interreg-comdur.eu\/fr\/bonnes-pratiques-et-outils\/outils\/"]}]},{"@type":"BreadcrumbList","@id":"https:\/\/interreg-comdur.eu\/fr\/bonnes-pratiques-et-outils\/outils\/#breadcrumb","itemListElement":[{"@type":"ListItem","position":1,"name":"Portada","item":"https:\/\/interreg-comdur.eu\/fr\/"},{"@type":"ListItem","position":2,"name":"Bonnes practiques et outils","item":"https:\/\/interreg-comdur.eu\/fr\/bonnes-pratiques-et-outils\/"},{"@type":"ListItem","position":3,"name":"Outils"}]},{"@type":"WebSite","@id":"https:\/\/interreg-comdur.eu\/fr\/#website","url":"https:\/\/interreg-comdur.eu\/fr\/","name":"Interreg | Comdur","description":"Interreg | Comdur","potentialAction":[{"@type":"SearchAction","target":{"@type":"EntryPoint","urlTemplate":"https:\/\/interreg-comdur.eu\/fr\/?s={search_term_string}"},"query-input":{"@type":"PropertyValueSpecification","valueRequired":true,"valueName":"search_term_string"}}],"inLanguage":"fr-FR"}]}</script>
<!-- / Yoast SEO plugin. -->
